rue
Let j(q) = q**3 - 38*q**2 + 201*q + 89. Is j(59) a composite number?
False
Is -5 - (-3 - 1 - -4) - -2967 a prime number?
False
Let z(o) = -7*o - 17. Let j(h) = -2*h - 4. Let y be j(7). Is z(y) prime?
True
Let y = -43 - -48. Is (22/8)/(y/20) composite?
False
Suppose t - n = 37459, -2*t + 4*t + 2*n - 74934 = 0. Is t prime?
True
Suppose -4814 = -12*r + 2158. Is r a prime number?
False
Let x = 79 - 390. Let i = 100 - x. Is i a composite number?
True
Suppose 2*b = -l + 200801, 48*l - 803243 = 44*l + 5*b. Is l prime?
True
Let a(x) = -x + 45. Let k be a(6). Suppose -35*h + k*h = 1164. Is h prime?
False
Let j(c) be the second derivative of -3/2*c**3 - 3/2*c**2 - 2*c + 0. Is j(-6) prime?
False
Let g(a) = -a + 11. Let z be g(8). Suppose z = 2*c - 1. Suppose 0 = 4*p + 4*k - 68, -p + c*p - 7 = -3*k. Is p a composite number?
True
Let t be (-1)/2*(-273354)/29. Suppose -57*p + 54*p + t = 0. Is p composite?
False
Let d = -5509 + 7920. Is d a prime number?
True
Let b = -42 - -40. Let o(g) = -1513*g + 5. Is o(b) a prime number?
False
Let d(g) = -2141*g - 135. Is d(-8) a composite number?
False
Suppose -5*d = -2*b + 31 - 7, -b - 18 = 5*d. Is -21*((-3 - b) + 4) composite?
True
Suppose 0 = -x + 49*p - 47*p + 3389, 0 = 5*p. Is x composite?
False
Let u(o) = 4*o**3 + 10*o**2 - 17*o + 1. Is u(6) a prime number?
True
Let y(k) = -k**3 + 6*k**2 - 4*k - 3. Suppose -9 - 16 = -5*b. Let l be y(b). Suppose -326 = -l*h + 420. Is h a composite number?
False
Let x(t) = -12*t + 23. Let c(a) = -a. Let s(d) = 6*c(d) - x(d). Is s(26) a composite number?
True
Suppose 45 = 9*f - 36. Suppose 500 = 5*o + 5*p, 5*o + f*p = 8*p + 480. Is o composite?
True
Suppose -3*d = -2*z - 8705, 3*d + 4*z - 10460 + 1761 = 0. Is d a composite number?
True
Suppose 0 = -n + 4, 100*n - 101*n = 2*o - 7890. Is o prime?
True
Let w(t) = 135*t**2 - 144*t - 6. Is w(-7) composite?
True
Suppose 4*l + 5*w + 4740 = 9*l, 3801 = 4*l + 5*w. Is l a prime number?
False
Let l = 1140 - -6661. Is l composite?
True
Suppose 2*y - 9*y = -10584. Suppose y = 3*p - 4*s + 449, -4*s + 349 = p. Is p prime?
True
Let d(t) = -72*t. Let v be d(1). Let m be ((-1)/(-3) + 1)/((-4)/6). Is -1 + v/(m - 0) a prime number?
False
Suppose -2*f + g = -19129 - 9281, 5*g - 20 = 0. Is f composite?
False
Let f(o) = 354*o**2 - 28*o - 54. Is f(-2) a prime number?
False
Let o(i) = -7 - 1 + 38*i - 100*i. Let z be o(-7). Suppose 0*g + g + 4*a - 219 = 0, -z = -2*g + 4*a. Is g prime?
False
Suppose 0 = 12*k - 74667 - 66945. Is k a composite number?
False
Let s(j) = j**2 - 10*j - 4. Let u be s(11). Suppose -u*p + 4*p + 489 = 0. Is p a composite number?
False
Suppose -4*t = 2*y - 3*t - 3, 0 = -4*t + 20. Let h(k) = -151*k**2 - k - 1. Let u be h(y). Let n = -77 - u. Is n prime?
False
Suppose -h - 3*f = -3, -4*f = -h + f - 21. Let b = -2 - h. Suppose -211 - 1 = -b*w. Is w prime?
True
Let a(r) = r**3 + 5*r**2 - 8*r + 8. Let l be a(-6). Suppose -l*t + 13*t + 5383 = 0. Is t a composite number?
False
Let g(k) = 0 + 3*k + 4 + 8 - 2*k. Let p be g(-6). Suppose 0 = n - p*n - j + 339, 3*n - 213 = -3*j. Is n prime?
True
Suppose 5*s + 372 = -4*o, 4*o + 120 + 212 = 5*s. Let h = -13 - o. Let m = -40 + h. Is m composite?
True
Let q = 335 + -323. Let z be 0/(-1)*(-2 - -1). Suppose z = -4*m - q, -f + 3*m - 5*m = -155. Is f a prime number?
False
Let i(t) = 36*t**3 - t**2 - 2*t - 4. Let g be i(3). Is (-4)/6 - g/(-3) a composite number?
False
Let p = 13 + -8. Suppose 3*w = a - 3*a + 743, -p*a = 3*w - 728. Let f = w + -130. Is f prime?
False
Let z be 11848/14 - (-3)/((-63)/6). Let k = z + -95. Is k prime?
True
Suppose 3*q + 3510 = 3*t, q + 4*t + 1164 = -t. Let z be q*1/(-5 - -4). Is (z - -3)/4 + 0 composite?
False
Let x be (6/4)/((-6)/(-32)). Let w(c) = c + 5. Let i be w(-5). Suppose 5*j - x*j + 879 = i. Is j a prime number?
True
Is -1*(6 + -1)*502149/(-885) a prime number?
True
Let q(f) = -f**2 + 13*f + 30. Let z be q(-16). Let v(w) = -17*w + 7. Let i be v(6). Let o = i - z. Is o composite?
True
Suppose 5 = 4*h - 23. Suppose -h*g = -8*g. Suppose 4*w + 2*k - 1882 = g, -2*w + 3*k + k = -946. Is w prime?
False
Is 16/32*5531*2 composite?
False
Let m be (2 - 3) + -2 + 3. Suppose m*d + d - 388 = -k, 5*k = -3*d + 1942. Is k a composite number?
False
Let z(k) = 35*k**2 - 5*k - 3. Let f be z(2). Is f*(0 - 1)*-1 composite?
False
Suppose 4*p - 20011 - 10897 = 0. Is p prime?
True
Let q(l) = l**3 - 3*l**2 - 5*l + 6. Let h be q(4). Suppose -x - 5*a + 16 = 0, -x - a = -h*x - 2. Is x - (-4)/(16/1012) prime?
False
Suppose -w = 6*y - 2*y - 11, -w - 2*y = -7. Suppose 0 = u + 5, -x + 4*x + 33 = -w*u. Is 2*(-4 - 585/x) prime?
False
Let f(x) = 4*x**3 - 2*x**2 - 5*x - 6. Suppose 5*g = -3*h + 74, h = g + 18 + 4. Let w = -18 + h. Is f(w) a prime number?
True
Let u = 1420 + -747. Is u a prime number?
True
Suppose 4*t + 72 + 28 = 0. Let a = 17 - t. Suppose 0 = -f + 35 + a. Is f prime?
False
Suppose 7*f = -2816 + 223659. Is f prime?
False
Let k(a) = -4*a**3 - 16*a**2 - 5*a + 31. Is k(-14) composite?
True
Suppose 2*n = -3*y - 1347, -2*n + 5*y = -n + 706. Is (1 + (-21)/9)/(2/n) a prime number?
False
Suppose 2*m - 5 = -3*u, -4 = -m + u + 1. Is -178*m/(-8) - -4 a prime number?
False
Let l = 9905 - 5676. Is l a prime number?
True
Let n(g) = 2*g**2 - 17*g - 80. Is n(23) composite?
False
Let g(s) = -50*s**2 + s - 4. Let h(u) = -51*u**2 + u - 4. Let b(m) = -4*g(m) + 3*h(m). Is b(-2) a prime number?
False
Let v(b) = b**2 + 4*b. Let x be v(-5). Suppose z - 2*w - 17 = w, x*z - 3*w - 37 = 0. Suppose -4*d + q + 180 = 0, -z*d + 240 + 6 = 4*q. Is d a composite number?
True
Let l be 5/((-5)/(-3)) + -1. Let p be 1*(8/l - -190). Let o = p + 17. Is o a composite number?
False
Suppose -34*u + 36*u = 7516. Is u composite?
True
Suppose -2*z = -10, -5*z = -5*k - 2*z + 2270. Suppose w = 694 + k. Is w a composite number?
False
Let y be 0 - ((0/1)/4 + -11260). Suppose -4*b - y = -8*b. Is b a prime number?
False
Let b(k) = 59*k**2 + 23*k - 83. Is b(4) prime?
True
Suppose -41*r + 36*r = -55925. Is r prime?
False
Is (14/(-7) - -701) + 4 a composite number?
True
Suppose 12 = 2*y - 4*s, 2*s = -3*y - 2 - 4. Suppose y = -3*t + 11 + 16. Is (-1 - (-12)/t)*159 prime?
True
Let x be (-3 - -4*9)*(-20)/(-12). Let m = x + 0. Is m composite?
True
Suppose 3*t = -3*d + 2*d + 8, -3*d = 3*t. Is ((6/t)/(-3))/1*-3106 composite?
False
Let a(m) = m. Let f(u) = 2*u + 13. Let r(o) = -4*a(o) + f(o). Is r(-5) a composite number?
False
Let d be (11 - 10)/((-1)/(-2))*2. Suppose -4*a + 4785 = 5*k, d*k = -0*k + 5*a + 3869. Is k prime?
False
Let k = 408 - 263. Is k a prime number?
False
Suppose 5*q = q + 4*s, 0 = 2*q - 3*s + 3. Suppose -29 = -t - z, -q*z + 1 - 50 = -t. Is t composite?
True
Let o(l) = 40*l**3 + 16*l**2 - 10*l + 11. Is o(6) prime?
False
Suppose 4*h = 2*h + 3*k + 20, -3*h - k = -8. Suppose -m - 33 = -2*y + 41, h*m - 8 = 0. Let t = -17 + y. Is t a prime number?
False
Is (((-2200)/30)/(-20))/(1/69) a prime number?
False
Suppose 30*y + 7025 = 2*x + 31*y, 0 = -2*x - 3*y + 7031. Is x composite?
False
Let g be (0 - 1/(-3)) + (-14)/42. Suppose -2*s + 166 = 4*o - 268, g = s - 4*o - 235. Is s prime?
True
Is (-6 - (-5 - 1)) + 223 prime?
True
Suppose -5*s + 2*s - 18 = 0. Is (-10)/15*531/s composite?
False
Suppose -4*y + 21 = -115. Suppose 26 = 2*a - 5*h, 0*h - 4 = h. Suppose a*d + y = 967. Is d composite?
False
Let w(h) be the third derivative of -h**6/120 - 7*h**5/30 - 23*h**4/24 - h**3/2 + 2*h**2. Is w(-14) a composite number?
True
Let c = 258 - 974. Let z be 15*(3 + c/(-12)). Suppose 5*t = z + 1170. Is t composite?
True
Let q = 1302 - -209. Is q a prime number?
True
Suppose 3*d + 0*x - 35 = -5*x, -4*x + 1 = -3*d. Suppose -3*q = -d*q + 2*j + 14846, 0 = 3*q + 3*j - 22293. Is q a prime number?
False
Let b = 3316 + 6927. Is b a prime number?
True
Let m = 16548 + -7289. Is m a composite number?
True
Let s(q) = 1927*q**3 + q**2 - 7*q + 6. Is s(1) a composite number?
True
Let g = 16644 + -3037. Is g a composite number?
True
Suppose 0 = 14*w - 4*w - 4630. Let o = -257 + w. Is o a prime number?
False
Let v(y) = -4*y**3 - 6*y - 61. Is v(-6) prime?
True
Let j be (-6)/21 - (-1623)/21. Suppose -27 = -c + 4*p + 17, -3*p + j = 2*c. Let k = c - -217. Is k a prime number?
True
Let v(u) = -u**3 - 12*u**2 + 16*u - 55. Is v(-16) prime?
False
Let c(d) = -2426*d - 1. Let h(y